s digit of 841797?
9
What is the tens digit of 13467570?
7
What is the hundreds digit of 142379?
3
What is the tens digit of 8737674?
7
What is the hundred thousands digit of 875050?
8
What is the tens digit of 707372?
7
What is the hundred thousands digit of 368825?
3
What is the units digit of 12661?
1
What is the millions digit of 9525687?
9
What is the tens digit of 2760007?
0
What is the ten thousands digit of 355258?
5
What is the hundreds digit of 366726?
7
What is the hundreds digit of 5507899?
8
What is the tens digit of 3021086?
8
What is the hundred thousands digit of 124955?
1
What is the units digit of 310388?
8
What is the ten thousands digit of 14210820?
1
What is the tens digit of 1005960?
6
What is the ten thousands digit of 4655693?
5
What is the units digit of 326376?
6
What is the hundred thousands digit of 161762?
1
What is the tens digit of 156344?
4
What is the hundreds digit of 52215?
2
What is the hundreds digit of 11557003?
0
What is the hundred thousands digit of 1650189?
6
What is the millions digit of 25537142?
5
What is the tens digit of 633719?
1
What is the hundred thousands digit of 13411792?
4
What is the units digit of 41524816?
6
What is the thousands digit of 36533597?
3
What is the tens digit of 139359?
5
What is the hundreds digit of 659707?
7
What is the ten millions digit of 22630891?
2
What is the ten thousands digit of 1111365?
1
What is the millions digit of 1083993?
1
What is the tens digit of 12608984?
8
What is the hundred thousands digit of 421136?
4
What is the hundred thousands digit of 5627612?
6
What is the ten thousands digit of 1601467?
0
What is the millions digit of 3718259?
3
What is the millions digit of 15857257?
5
What is the hundreds digit of 830970?
9
What is the tens digit of 466334?
3
What is the ten thousands digit of 1709001?
0
What is the hundred thousands digit of 396997?
3
What is the hundreds digit of 122256?
2
What is the hundred thousands digit of 4010036?
0
What is the tens digit of 906830?
3
What is the hundreds digit of 959020?
0
What is the units digit of 349637?
7
What is the ten thousands digit of 25397738?
9
What is the units digit of 293896?
6
What is the millions digit of 23671783?
3
What is the units digit of 831716?
6
What is the millions digit of 10126603?
0
What is the millions digit of 1897902?
1
What is the units digit of 81960?
0
What is the tens digit of 78250?
5
What is the thousands digit of 6462931?
2
What is the hundred thousands digit of 199335?
1
What is the hundred thousands digit of 157463?
1
What is the hundred thousands digit of 1806880?
8
What is the hundreds digit of 803102?
1
What is the thousands digit of 5060127?
0
What is the hundreds digit of 212393?
3
What is the hundreds digit of 6195863?
8
What is the tens digit of 16534070?
7
What is the units digit of 3011358?
8
What is the thousands digit of 419090?
9
What is the ten thousands digit of 5545546?
4
What is the hundreds digit of 1100197?
1
What is the ten millions digit of 30160456?
3
What is the tens digit of 1920832?
3
What is the hundreds digit of 6375283?
2
What is the units digit of 2342340?
0
What is the tens digit of 879142?
4
What is the units digit of 591212?
2
What is the units digit of 130071?
1
What is the hundred thousands digit of 7540428?
5
What is the ten millions digit of 13221937?
1
What is the tens digit of 32009400?
0
What is the hundreds digit of 309444?
4
What is the units digit of 3937456?
6
What is the millions digit of 8235507?
8
What is the thousands digit of 272979?
2
What is the hundreds digit of 72849?
8
What is the hundreds digit of 976525?
5
What is the hundreds digit of 148303?
3
What is the hundreds digit of 1317376?
3
What is the hundred thousands digit of 30138964?
1
What is the hundred thousands digit of 1187758?
1
What is the thousands digit of 23103?
3
What is the millions digit of 3080614?
3
What is the tens digit of 6494412?
1
What is the ten thousands digit of 7795748?
9
What is the hundreds digit of 75360?
3
What is the ten thousands digit of 3696879?
9
What is the ten thousands digit of 254449?
5
What is the thousands digit of 4564998?
4
What is the thousands digit of 47883?
7
What is the tens digit of 547498?
9
What is the thousands digit of 3015642?
5
What is the hundred thousands digit of 4076529?
0
What is the hundreds digit of 10758012?
0
What is the units digit of 242408?
8
What is the ten thousands digit of 3364547?
6
What is the units digit of 517748?
8
What is the hundreds digit of 198223?
2
What is the millions digit of 1623209?
1
What is the ten thousands digit of 815795?
1
What is the tens digit of 136226?
2
What is the hundreds digit of 21111?
1
What is the ten thousands digit of 71527?
7
What is the ten thousands digit of 735983?
3
What is the units digit of 276473?
3
What is the thousands digit of 260833?
0
What is the ten millions digit of 19102799?
1
What is the millions digit of 2312187?
2
What is the hundreds digit of 255563?
5
What is the hundreds digit of 7686775?
7
What is the units digit of 871713?
3
What is the ten thousands digit of 159685?
5
What is the millions digit of 4116758?
4
What is the ten thousands digit of 252689?
5
What is the millions digit of 13648378?
3
What is the hundreds digit of 1767791?
7
What is the hundred thousands digit of 4945749?
9
What is the tens digit of 9264999?
9
What is the thousands digit of 2396406?
6
What is the units digit of 358555?
5
What is the units digit of 305322?
2
What is the hundred thousands digit of 565322?
5
What is the thousands digit of 4881496?
1
What is the units digit of 2350244?
4
What is the thousands digit of 116298?
6
What is the thousands digit of 717032?
7
What is the ten thousands digit of 22038032?
3
What is the ten thousands digit of 252515?
5
What is the tens digit of 170?
7
What is the ten millions digit of 13361779?
1
What is the thousands digit of 25007481?
7
What is the hundred thousands digit of 113747?
1
What is the units digit of 13028522?
2
What is the hundred thousands digit of 7272652?
2
What is the tens digit of 510354?
5
What is the units digit of 1075846?
6
What is the hundreds digit of 1117474?
4
What is the tens digit of 2164352?
5
What is the hundred thousands digit of 119745?
1
What is the tens digit of 5569691?
9
What is the millions digit of 10020186?
0
What is the units digit of 1153852?
2
What is the hundred thousands digit of 1249715?
2
What is the hundreds digit of 344?
3
What is the tens digit of 18198377?
7
What is the hundred thousands digit of 610496?
6
What is the thousands digit of 70747?
0
What is the hundred thousands digit of 511759?
5
What is the hundred thousands digit of 654477?
6
What is the millions digit of 7135720?
7
What is the ten thousands digit of 5844820?
4
What is the hundred thousands digit of 798945?
7
What is the thousands digit of 76651?
6
What is the thousands digit of 252468?
2
What is the ten thousands digit of 196174?
9
What is the units digit of 10673549?
9
What is the ten thousands digit of 74197?
7
What is the hundreds digit of 361194?
1
What is the hundred thousands digit of 553223?
5
What is the hundred thousands digit of 569628?
5
What is the tens digit of 37772?
7
What is the thousands digit of 556267?
6
What is the hundreds digit of 1450470?
4
What is the tens digit of 331822?
2
What is the hundreds digit of 623793?
7
What is the thousands digit of 2826513?
6
What is the ten thousands digit of 36384?
3
What is the hundred thousands digit of 10731286?
7
What is the units digit of 7230962?
2
What is the millions digit of 7630616?
7
What is the ten thousands digit of 20931868?
3
What is the ten thousands digit of 15879620?
7
What is the units digit of 568006?
6
What is the units digit of 1642484?
4
What is the tens digit of 3056549?
4
What is the thousands digit of 1115878?
5
What is the hundred thousands digit of 442023?
4
What is the thousands digit of 1264304?
4
What is the ten thousands digit of 3494381?
9
What is the units digit of 664978?
8
What is the thousands digit of 3964591?
4
What is the hundreds digit of 729568?
5
What is the hundred thousands digit of 182357?
1
What is the hundreds digit of 389320?
3
What is the units digit of 287119?
9
What is the ten thousands digit of 270753?
7
W